{"id":5,"date":"2019-09-09T11:40:46","date_gmt":"2019-09-09T09:40:46","guid":{"rendered":"https:\/\/www.florianbagur.fr\/wordpress_dubois\/?page_id=5"},"modified":"2019-09-11T10:44:44","modified_gmt":"2019-09-11T08:44:44","slug":"elementor-5","status":"publish","type":"page","link":"https:\/\/www.florianbagur.fr\/wordpress_dubois\/","title":{"rendered":"accueil"},"content":{"rendered":"\t\t<div data-elementor-type=\"wp-post\" data-elementor-id=\"5\" class=\"elementor elementor-5\" data-elementor-settings=\"[]\">\n\t\t\t\t\t\t<div class=\"elementor-inner\">\n\t\t\t\t\t\t\t<div class=\"elementor-section-wrap\">\n\t\t\t\t\t\t\t<section class=\"elementor-section elementor-top-section elementor-element elementor-element-bd9e98e elementor-section-full_width beige elementor-section-height-default elementor-section-height-default\" data-id=\"bd9e98e\" data-element_type=\"section\">\n\t\t\t\t\t\t<div class=\"elementor-container elementor-column-gap-no\">\n\t\t\t\t\t\t\t<div class=\"elementor-row\">\n\t\t\t\t\t<div class=\"elementor-column elementor-col-100 elementor-top-column elementor-element elementor-element-1085047\" data-id=\"1085047\" data-element_type=\"column\">\n\t\t\t<div class=\"elementor-column-wrap elementor-element-populated\">\n\t\t\t\t\t\t\t<div class=\"elementor-widget-wrap\">\n\t\t\t\t\t\t<section class=\"elementor-section elementor-inner-section elementor-element elementor-element-c56823d elementor-section-boxed elementor-section-height-default elementor-section-height-default\" data-id=\"c56823d\" data-element_type=\"section\">\n\t\t\t\t\t\t<div class=\"elementor-container elementor-column-gap-no\">\n\t\t\t\t\t\t\t<div class=\"elementor-row\">\n\t\t\t\t\t<div class=\"elementor-column elementor-col-50 elementor-inner-column elementor-element elementor-element-e0f0596 photo elementor-invisible\" data-id=\"e0f0596\" data-element_type=\"column\" data-settings=\"{&quot;animation&quot;:&quot;slideInLeft&quot;}\">\n\t\t\t<div class=\"elementor-column-wrap elementor-element-populated\">\n\t\t\t\t\t\t\t<div class=\"elementor-widget-wrap\">\n\t\t\t\t\t\t<div class=\"elementor-element elementor-element-7adf156 elementor-widget elementor-widget-image\" data-id=\"7adf156\" data-element_type=\"widget\" data-widget_type=\"image.default\">\n\t\t\t\t<div class=\"elementor-widget-container\">\n\t\t\t\t\t<div class=\"elementor-image\">\n\t\t\t\t\t\t\t\t\t\t<img width=\"950\" height=\"545\" src=\"https:\/\/www.florianbagur.fr\/wordpress_dubois\/wp-content\/uploads\/2019\/09\/photo-vigne.jpg\" class=\"attachment-full size-full\" alt=\"vignes\" loading=\"lazy\" srcset=\"https:\/\/www.florianbagur.fr\/wordpress_dubois\/wp-content\/uploads\/2019\/09\/photo-vigne.jpg 950w, https:\/\/www.florianbagur.fr\/wordpress_dubois\/wp-content\/uploads\/2019\/09\/photo-vigne-300x172.jpg 300w, https:\/\/www.florianbagur.fr\/wordpress_dubois\/wp-content\/uploads\/2019\/09\/photo-vigne-768x441.jpg 768w\" sizes=\"(max-width: 950px) 100vw, 950px\" \/>\t\t\t\t\t\t\t\t\t\t\t<\/div>\n\t\t\t\t<\/div>\n\t\t\t\t<\/div>\n\t\t\t\t\t\t<\/div>\n\t\t\t\t\t<\/div>\n\t\t<\/div>\n\t\t\t\t<div class=\"elementor-column elementor-col-50 elementor-inner-column elementor-element elementor-element-af5303c\" data-id=\"af5303c\" data-element_type=\"column\">\n\t\t\t<div class=\"elementor-column-wrap\">\n\t\t\t\t\t\t\t<div class=\"elementor-widget-wrap\">\n\t\t\t\t\t\t\t\t<\/div>\n\t\t\t\t\t<\/div>\n\t\t<\/div>\n\t\t\t\t\t\t\t\t<\/div>\n\t\t\t\t\t<\/div>\n\t\t<\/section>\n\t\t\t\t<section class=\"elementor-section elementor-inner-section elementor-element elementor-element-80b23ae elementor-section-boxed elementor-section-height-default elementor-section-height-default\" data-id=\"80b23ae\" data-element_type=\"section\">\n\t\t\t\t\t\t<div class=\"elementor-container elementor-column-gap-no\">\n\t\t\t\t\t\t\t<div class=\"elementor-row\">\n\t\t\t\t\t<div class=\"elementor-column elementor-col-50 elementor-inner-column elementor-element elementor-element-d50c6dc\" data-id=\"d50c6dc\" data-element_type=\"column\">\n\t\t\t<div class=\"elementor-column-wrap\">\n\t\t\t\t\t\t\t<div class=\"elementor-widget-wrap\">\n\t\t\t\t\t\t\t\t<\/div>\n\t\t\t\t\t<\/div>\n\t\t<\/div>\n\t\t\t\t<div class=\"elementor-column elementor-col-50 elementor-inner-column elementor-element elementor-element-111ed7c text_resp\" data-id=\"111ed7c\" data-element_type=\"column\">\n\t\t\t<div class=\"elementor-column-wrap elementor-element-populated\">\n\t\t\t\t\t\t\t<div class=\"elementor-widget-wrap\">\n\t\t\t\t\t\t<div class=\"elementor-element elementor-element-827e4c6 droit elementor-widget elementor-widget-text-editor\" data-id=\"827e4c6\" data-element_type=\"widget\" data-widget_type=\"text-editor.default\">\n\t\t\t\t<div class=\"elementor-widget-container\">\n\t\t\t\t\t<div class=\"elementor-text-editor elementor-clearfix\"><h2>Notre histoire<\/h2><h3>FRAN\u00c7OIS DUBOIS<\/h3><p>Fran\u00e7ois Dubois na\u00eet en 1764<br \/>de parents vignerons \u00e0<br \/>Faverolles-et-Co\u00ebmy,<br \/>un petit village \u00e0 quelques<br \/>kilom\u00e8tres de Reims&#8230;<\/p><p>\u00a0<\/p><p><a href=\"#\">Lire la suite&#8230;<\/a><\/p><\/div>\n\t\t\t\t<\/div>\n\t\t\t\t<\/div>\n\t\t\t\t\t\t<\/div>\n\t\t\t\t\t<\/div>\n\t\t<\/div>\n\t\t\t\t\t\t\t\t<\/div>\n\t\t\t\t\t<\/div>\n\t\t<\/section>\n\t\t\t\t\t\t<\/div>\n\t\t\t\t\t<\/div>\n\t\t<\/div>\n\t\t\t\t\t\t\t\t<\/div>\n\t\t\t\t\t<\/div>\n\t\t<\/section>\n\t\t\t\t<section class=\"elementor-section elementor-top-section elementor-element elementor-element-1900882 elementor-section-full_width elementor-section-height-default elementor-section-height-default\" data-id=\"1900882\" data-element_type=\"section\">\n\t\t\t\t\t\t<div class=\"elementor-container elementor-column-gap-no\">\n\t\t\t\t\t\t\t<div class=\"elementor-row\">\n\t\t\t\t\t<div class=\"elementor-column elementor-col-100 elementor-top-column elementor-element elementor-element-91fb992\" data-id=\"91fb992\" data-element_type=\"column\">\n\t\t\t<div class=\"elementor-column-wrap elementor-element-populated\">\n\t\t\t\t\t\t\t<div class=\"elementor-widget-wrap\">\n\t\t\t\t\t\t<section class=\"elementor-section elementor-inner-section elementor-element elementor-element-de6a2fb elementor-section-boxed elementor-section-height-default elementor-section-height-default\" data-id=\"de6a2fb\" data-element_type=\"section\">\n\t\t\t\t\t\t<div class=\"elementor-container elementor-column-gap-no\">\n\t\t\t\t\t\t\t<div class=\"elementor-row\">\n\t\t\t\t\t<div class=\"elementor-column elementor-col-50 elementor-inner-column elementor-element elementor-element-3eb2965\" data-id=\"3eb2965\" data-element_type=\"column\">\n\t\t\t<div class=\"elementor-column-wrap\">\n\t\t\t\t\t\t\t<div class=\"elementor-widget-wrap\">\n\t\t\t\t\t\t\t\t<\/div>\n\t\t\t\t\t<\/div>\n\t\t<\/div>\n\t\t\t\t<div class=\"elementor-column elementor-col-50 elementor-inner-column elementor-element elementor-element-985f12c elementor-invisible\" data-id=\"985f12c\" data-element_type=\"column\" data-settings=\"{&quot;animation&quot;:&quot;slideInRight&quot;}\">\n\t\t\t<div class=\"elementor-column-wrap elementor-element-populated\">\n\t\t\t\t\t\t\t<div class=\"elementor-widget-wrap\">\n\t\t\t\t\t\t<div class=\"elementor-element elementor-element-c0e36dd photo gauche elementor-widget elementor-widget-image\" data-id=\"c0e36dd\" data-element_type=\"widget\" data-widget_type=\"image.default\">\n\t\t\t\t<div class=\"elementor-widget-container\">\n\t\t\t\t\t<div class=\"elementor-image\">\n\t\t\t\t\t\t\t\t\t\t<img width=\"930\" height=\"588\" src=\"https:\/\/www.florianbagur.fr\/wordpress_dubois\/wp-content\/uploads\/2019\/09\/cheval_dubois.jpg\" class=\"attachment-full size-full\" alt=\"cheval au travail dans les vignes\" loading=\"lazy\" srcset=\"https:\/\/www.florianbagur.fr\/wordpress_dubois\/wp-content\/uploads\/2019\/09\/cheval_dubois.jpg 930w, https:\/\/www.florianbagur.fr\/wordpress_dubois\/wp-content\/uploads\/2019\/09\/cheval_dubois-300x190.jpg 300w, https:\/\/www.florianbagur.fr\/wordpress_dubois\/wp-content\/uploads\/2019\/09\/cheval_dubois-768x486.jpg 768w\" sizes=\"(max-width: 930px) 100vw, 930px\" \/>\t\t\t\t\t\t\t\t\t\t\t<\/div>\n\t\t\t\t<\/div>\n\t\t\t\t<\/div>\n\t\t\t\t\t\t<\/div>\n\t\t\t\t\t<\/div>\n\t\t<\/div>\n\t\t\t\t\t\t\t\t<\/div>\n\t\t\t\t\t<\/div>\n\t\t<\/section>\n\t\t\t\t<section class=\"elementor-section elementor-inner-section elementor-element elementor-element-8649151 elementor-section-boxed elementor-section-height-default elementor-section-height-default\" data-id=\"8649151\" data-element_type=\"section\">\n\t\t\t\t\t\t<div class=\"elementor-container elementor-column-gap-no\">\n\t\t\t\t\t\t\t<div class=\"elementor-row\">\n\t\t\t\t\t<div class=\"elementor-column elementor-col-50 elementor-inner-column elementor-element elementor-element-50d36f0\" data-id=\"50d36f0\" data-element_type=\"column\">\n\t\t\t<div class=\"elementor-column-wrap elementor-element-populated\">\n\t\t\t\t\t\t\t<div class=\"elementor-widget-wrap\">\n\t\t\t\t\t\t<div class=\"elementor-element elementor-element-81e6bd4 vert elementor-widget elementor-widget-text-editor\" data-id=\"81e6bd4\" data-element_type=\"widget\" data-widget_type=\"text-editor.default\">\n\t\t\t\t<div class=\"elementor-widget-container\">\n\t\t\t\t\t<div class=\"elementor-text-editor elementor-clearfix\"><h2>Environnement<\/h2><p>Alliant tradition et innovation, fran\u00e7ois<br \/>dubois prend soin de respecter<br \/>l\u2019environnement pour propos\u00e9 un<br \/>champagne de qualit\u00e9<\/p><p>\u00a0<\/p><p><a href=\"#\">Lire la suite&#8230;<\/a><\/p><\/div>\n\t\t\t\t<\/div>\n\t\t\t\t<\/div>\n\t\t\t\t\t\t<\/div>\n\t\t\t\t\t<\/div>\n\t\t<\/div>\n\t\t\t\t<div class=\"elementor-column elementor-col-50 elementor-inner-column elementor-element elementor-element-243536c\" data-id=\"243536c\" data-element_type=\"column\">\n\t\t\t<div class=\"elementor-column-wrap\">\n\t\t\t\t\t\t\t<div class=\"elementor-widget-wrap\">\n\t\t\t\t\t\t\t\t<\/div>\n\t\t\t\t\t<\/div>\n\t\t<\/div>\n\t\t\t\t\t\t\t\t<\/div>\n\t\t\t\t\t<\/div>\n\t\t<\/section>\n\t\t\t\t\t\t<\/div>\n\t\t\t\t\t<\/div>\n\t\t<\/div>\n\t\t\t\t\t\t\t\t<\/div>\n\t\t\t\t\t<\/div>\n\t\t<\/section>\n\t\t\t\t<section class=\"elementor-section elementor-top-section elementor-element elementor-element-9f432b6 gris elementor-section-boxed elementor-section-height-default elementor-section-height-default\" data-id=\"9f432b6\" data-element_type=\"section\">\n\t\t\t\t\t\t<div class=\"elementor-container elementor-column-gap-no\">\n\t\t\t\t\t\t\t<div class=\"elementor-row\">\n\t\t\t\t\t<div class=\"elementor-column elementor-col-100 elementor-top-column elementor-element elementor-element-7166b54\" data-id=\"7166b54\" data-element_type=\"column\">\n\t\t\t<div class=\"elementor-column-wrap elementor-element-populated\">\n\t\t\t\t\t\t\t<div class=\"elementor-widget-wrap\">\n\t\t\t\t\t\t<section class=\"elementor-section elementor-inner-section elementor-element elementor-element-4ef84db elementor-section-boxed elementor-section-height-default elementor-section-height-default\" data-id=\"4ef84db\" data-element_type=\"section\">\n\t\t\t\t\t\t<div class=\"elementor-container elementor-column-gap-default\">\n\t\t\t\t\t\t\t<div class=\"elementor-row\">\n\t\t\t\t\t<div class=\"elementor-column elementor-col-50 elementor-inner-column elementor-element elementor-element-a6defdc text-center photo medal elementor-invisible\" data-id=\"a6defdc\" data-element_type=\"column\" data-settings=\"{&quot;animation&quot;:&quot;slideInLeft&quot;}\">\n\t\t\t<div class=\"elementor-column-wrap elementor-element-populated\">\n\t\t\t\t\t\t\t<div class=\"elementor-widget-wrap\">\n\t\t\t\t\t\t<div class=\"elementor-element elementor-element-972395f elementor-widget elementor-widget-image\" data-id=\"972395f\" data-element_type=\"widget\" data-widget_type=\"image.default\">\n\t\t\t\t<div class=\"elementor-widget-container\">\n\t\t\t\t\t<div class=\"elementor-image\">\n\t\t\t\t\t\t\t\t\t\t<img width=\"1000\" height=\"582\" src=\"https:\/\/www.florianbagur.fr\/wordpress_dubois\/wp-content\/uploads\/2019\/09\/visuel-bottom_medailles.png\" class=\"attachment-full size-full\" alt=\"visuel des medailles\" loading=\"lazy\" srcset=\"https:\/\/www.florianbagur.fr\/wordpress_dubois\/wp-content\/uploads\/2019\/09\/visuel-bottom_medailles.png 1000w, https:\/\/www.florianbagur.fr\/wordpress_dubois\/wp-content\/uploads\/2019\/09\/visuel-bottom_medailles-300x175.png 300w, https:\/\/www.florianbagur.fr\/wordpress_dubois\/wp-content\/uploads\/2019\/09\/visuel-bottom_medailles-768x447.png 768w\" sizes=\"(max-width: 1000px) 100vw, 1000px\" \/>\t\t\t\t\t\t\t\t\t\t\t<\/div>\n\t\t\t\t<\/div>\n\t\t\t\t<\/div>\n\t\t\t\t\t\t<\/div>\n\t\t\t\t\t<\/div>\n\t\t<\/div>\n\t\t\t\t<div class=\"elementor-column elementor-col-50 elementor-inner-column elementor-element elementor-element-dcff1c8 text\" data-id=\"dcff1c8\" data-element_type=\"column\">\n\t\t\t<div class=\"elementor-column-wrap elementor-element-populated\">\n\t\t\t\t\t\t\t<div class=\"elementor-widget-wrap\">\n\t\t\t\t\t\t<div class=\"elementor-element elementor-element-4625647 droit elementor-widget elementor-widget-text-editor\" data-id=\"4625647\" data-element_type=\"widget\" data-widget_type=\"text-editor.default\">\n\t\t\t\t<div class=\"elementor-widget-container\">\n\t\t\t\t\t<div class=\"elementor-text-editor elementor-clearfix\"><h2>recompenses<\/h2><div>Venez d\u00e9couvrir toutes les m\u00e9dailles<br \/>et prix obtenues par nos cuv\u00e9es<br \/>Champagne Fran\u00e7ois Dubois.<\/div><div>\u00a0<\/div><div><a href=\"#\">Lire la suite&#8230;<\/a><\/div><\/div>\n\t\t\t\t<\/div>\n\t\t\t\t<\/div>\n\t\t\t\t\t\t<\/div>\n\t\t\t\t\t<\/div>\n\t\t<\/div>\n\t\t\t\t\t\t\t\t<\/div>\n\t\t\t\t\t<\/div>\n\t\t<\/section>\n\t\t\t\t\t\t<\/div>\n\t\t\t\t\t<\/div>\n\t\t<\/div>\n\t\t\t\t\t\t\t\t<\/div>\n\t\t\t\t\t<\/div>\n\t\t<\/section>\n\t\t\t\t\t\t<\/div>\n\t\t\t\t\t\t<\/div>\n\t\t\t\t\t<\/div>\n\t\t","protected":false},"excerpt":{"rendered":"<p>Notre histoire FRAN\u00c7OIS DUBOIS Fran\u00e7ois Dubois na\u00eet en 1764de parents vignerons \u00e0Faverolles-et-Co\u00ebmy,un petit village \u00e0 quelqueskilom\u00e8tres de Reims&#8230; \u00a0 Lire la suite&#8230; Environnement Alliant tradition et innovation, fran\u00e7oisdubois prend soin de respecterl\u2019environnement pour propos\u00e9 unchampagne de qualit\u00e9 \u00a0 Lire la suite&#8230; recompenses Venez d\u00e9couvrir toutes les m\u00e9dailleset prix obtenues par nos cuv\u00e9esChampagne Fran\u00e7ois Dubois.\u00a0Lire la [&hellip;]<\/p>\n","protected":false},"author":1,"featured_media":0,"parent":0,"menu_order":0,"comment_status":"closed","ping_status":"closed","template":"","meta":[],"_links":{"self":[{"href":"https:\/\/www.florianbagur.fr\/wordpress_dubois\/wp-json\/wp\/v2\/pages\/5"}],"collection":[{"href":"https:\/\/www.florianbagur.fr\/wordpress_dubois\/wp-json\/wp\/v2\/pages"}],"about":[{"href":"https:\/\/www.florianbagur.fr\/wordpress_dubois\/wp-json\/wp\/v2\/types\/page"}],"author":[{"embeddable":true,"href":"https:\/\/www.florianbagur.fr\/wordpress_dubois\/wp-json\/wp\/v2\/users\/1"}],"replies":[{"embeddable":true,"href":"https:\/\/www.florianbagur.fr\/wordpress_dubois\/wp-json\/wp\/v2\/comments?post=5"}],"version-history":[{"count":47,"href":"https:\/\/www.florianbagur.fr\/wordpress_dubois\/wp-json\/wp\/v2\/pages\/5\/revisions"}],"predecessor-version":[{"id":266,"href":"https:\/\/www.florianbagur.fr\/wordpress_dubois\/wp-json\/wp\/v2\/pages\/5\/revisions\/266"}],"wp:attachment":[{"href":"https:\/\/www.florianbagur.fr\/wordpress_dubois\/wp-json\/wp\/v2\/media?parent=5"}],"curies":[{"name":"wp","href":"https:\/\/api.w.org\/{rel}","templated":true}]}}